der when 88/6*b/4 is divided by 6?
4
Calculate the remainder when (177/12)/((-33)/12 + 3) is divided by 16.
11
Suppose -16 = -5*j + j. Let p(c) = -c**2 + c - 1. Let k(d) = 5*d**2 - 7*d + 8. Let h(a) = k(a) + 4*p(a). Calculate the remainder when 30 is divided by h(j).
6
Let g = -38 + 51. Let f(r) be the third derivative of -r**6/24 - r**5/60 + r**3/6 - r**2. Calculate the remainder when f(-2) is divided by g.
11
Let i be ((-4)/6)/((-2)/9). Let k(g) = -3*g - 2. Calculate the remainder when 39 - i/3*2 is divided by k(-5).
11
Let q = -39 - -82. Calculate the remainder when q is divided by 9.
7
Let z(m) = -m**2 + m. Let w(r) = r**3 - 5*r**2 + r + 4. Let o(x) = w(x) - 2*z(x). Let g be o(4). Calculate the remainder when g/((-2)/2 - -2) is divided by 9.
7
Let x(j) = j**3 - 6*j**2 + 7*j - 7. Let z be x(6). Suppose -4*w = -2*b - 110, 0*b = -w + 2*b + z. What is the remainder when w is divided by -1 - (0 + 1 - 11)?
7
Let v(w) = -w**2 - 11*w - 5. What is the remainder when v(-8) is divided by 7?
5
Let k be 10/2*(-1)/(-1). Suppose 2*j - k = 15. Calculate the remainder when j is divided by 4.
2
Suppose 3*l - 11 = -l + x, 2*x + 8 = l. Suppose -2*t = 4*h + 8, 2 = -3*t - 4*h - l. Suppose 7 = t*g - 69. What is the remainder when g is divided by 10?
9
Suppose 2*m = -5*d + 70 - 18, 2*m - 4*d = 34. Calculate the remainder when (1/(-2))/(1/(-80)) is divided by m.
19
Let l = 4 + -2. Suppose 0 = -n + l*n - 18. Calculate the remainder when 34 is divided by n.
16
Let q(p) = -12*p - 9. What is the remainder when 28 is divided by q(-2)?
13
Suppose -4*s = -10 - 10. Suppose 3*n = -4*m + 49, 4*m - s*n = 2*m + 5. Calculate the remainder when 27 is divided by m.
7
Suppose 3*r = -4*h + 18, 5*r - 5*h + 2 + 3 = 0. Let z(y) = 6*y**2 - 2*y - 2. Let k be z(r). Suppose -2*d + k = d. What is the remainder when 10 is divided by d?
4
Suppose -2*a = d + a + 2, 0 = 5*d - 3*a - 26. Suppose 5*w - 6 - 19 = -5*s, 3*w = -s + 11. Calculate the remainder when d is divided by w.
1
Calculate the remainder when 44 is divided by (4 + 12 - 0) + -1.
14
Let r = -83 - -118. Let d = -238 - -250. What is the remainder when r is divided by d?
11
Let t = -6 - -21. Calculate the remainder when 28 is divided by t.
13
Let z(a) = a - 3. Let v be z(4). Let o = -4 + v. Calculate the remainder when 21 is divided by 1/o - 68/(-6).
10
Let u(t) = t + 8. Let j be u(-6). Suppose -d = -2*g - j*g + 223, g - 3*d = 53. What is the remainder when g is divided by 19?
18
Let f(y) = -10*y - 16. What is the remainder when f(-7) is divided by 8?
6
Suppose -4*a = a - 270. Calculate the remainder when a is divided by 14.
12
Let u(d) = -d**3 - 6*d**2 + 7*d + 3. Let b be u(-7). Calculate the remainder when 6/2 + (38 - b) is divided by 13.
12
Let n = 41 - 37. Let u = 8 - 2. Calculate the remainder when u is divided by n.
2
Let u(l) = -l**2 + 27*l - 77. Calculate the remainder when u(23) is divided by 6.
3
Let r(q) = -4*q + 10. Let u be r(-10). Suppose -u + 11 = -s. Calculate the remainder when s is divided by 20.
19
Let t = -20 - -37. What is the remainder when t is divided by 5?
2
Let u = 9 + 10. What is the remainder when u is divided by 5?
4
Let c = 3 - -7. Calculate the remainder when 156/9 + (-4)/(-6) is divided by c.
8
Let g = 3 + 1. Let x = g + -3. Calculate the remainder when x is divided by 1.
0
Let s = -60 + 79. What is the remainder when s is divided by 5?
4
Suppose -i + 4*z - 13 = -40, 2*i - 3*z - 29 = 0. Let d = -4 - -7. What is the remainder when i is divided by d?
1
Let m(c) = 16*c**2 - 2*c. Let i be m(2). Suppose -u - 4*u = -i. Calculate the remainder when 46 is divided by u.
10
Let b = -32 - -82. Let l(s) = -s**3 + 6*s**2 - 2*s + 2. Calculate the remainder when b is divided by l(5).
16
Suppose t - 6 = -2. Suppose -f + 3*n + 35 - 6 = 0, 81 = 4*f - 5*n. What is the remainder when f is divided by t?
2
Suppose -4*b + 2*z + 34 + 20 = 0, 2*b - 31 = -3*z. Suppose 5*i - 120 - 95 = -5*a, 4*a = -i + 160. What is the remainder when a is divided by b?
11
Let u(p) = 3*p + 3. Let d be u(-2). Suppose 78 = 4*i + 5*k, -2*i + 12 = -3*k - 38. Calculate the remainder when i is divided by -3 + (-30 + -3)/d.
6
Suppose -2*m + 2*a + 22 = 0, -2*m = -4*m + 3*a + 19. Calculate the remainder when 54 is divided by m.
12
Calculate the remainder when (-195)/6*24/(-20) is divided by 20.
19
Calculate the remainder when 15 is divided by ((-6)/8)/((-3)/12).
0
Suppose n = -5*c + 4, 14 = -5*c - 6. Suppose 2*b = 2*j - 4*j + 22, -2*j - 3*b = -20. What is the remainder when n is divided by j?
11
Let o(l) = l + 17. What is the remainder when 258 is divided by o(9)?
24
Let d(t) = t**3 + 15*t**2 - t - 9. Let u be d(-6). Suppose -4*h + h + u = 0. Calculate the remainder when h is divided by 27.
26
Let t be (-4)/18 + 202/18. Suppose 0 = -y + t. What is the remainder when 21 is divided by y?
10
Let o(f) = -f**3 - 15*f**2 - 3*f - 11. What is the remainder when o(-15) is divided by 21?
13
Calculate the remainder when -1*(-106 + 0/(2 - 3)) is divided by 28.
22
Let h(m) = -m**2 - 8*m - 7. Suppose 1 + 19 = -4*y. What is the remainder when h(y) is divided by 5?
3
Let p = 3 + 0. Let b(h) = 0 + 15*h - p + 1. What is the remainder when b(2) is divided by 10?
8
Let d(i) = 67*i**2 + 2*i + 1. Suppose 36 = x - 15. Suppose u = 4*u - x. Calculate the remainder when d(-1) is divided by u.
15
Let d(x) = -2*x**2 + 2*x + 3. Let j be d(-3). Let m = j - -44. Calculate the remainder when m is divided by 12.
11
Let z(w) = -w**3 + 8*w**2 - 6*w + 9. What is the remainder when z(7) is divided by 6?
4
Let i = 5 - -26. Let n = -5 - -22. Calculate the remainder when i is divided by n.
14
Let j be 63/(-6)*4/1. Let s = -123 - j. Let g = -47 - s. Calculate the remainder when g is divided by 12.
10
Calculate the remainder when 54/10*(-2 + (-48)/(-9)) is divided by 10.
8
Suppose -7*b = -2*b + 2*h - 17, 3*b - 5 = 4*h. Let m = 32 - 11. Calculate the remainder when m is divided by b/9*3 + 10.
10
Calculate the remainder when -2 + (24/(-28))/((-1)/42) is divided by 9.
7
Suppose -3*l - 3 = -3*f, 2*l + 2*f = l - 4. Let c be l/(-5) + 186/10. Suppose 0*q - c = -q. What is the remainder when 36 is divided by q?
17
Suppose -26*a = -2*a - 240. What is the remainder when 2/(-9) - 508/(-18) is divided by a?
8
Let l(m) be the first derivative of m**4/4 + 7*m**3/3 - 3*m**2/2 - 4*m - 6. What is the remainder when 65 is divided by l(-7)?
14
Calculate the remainder when 13 is divided by (-26)/169 + (-108)/(-26).
1
Let k = 39 + -23. Let j(d) be the third derivative of d**5/60 + 7*d**4/24 - 2*d**3 + 2*d**2. Calculate the remainder when k is divided by j(-9).
4
Let k(s) = 2*s + 2*s**2 + 12 - s**2 + 9*s. Calculate the remainder when k(-13) is divided by 10.
8
Let c = -3 - -21. Let n = 24 + 11. What is the remainder when n is divided by c?
17
Let c(v) = v**2 - v - 10. Suppose -33 - 25 = -n. What is the remainder when n is divided by c(-5)?
18
Let r(t) = -t**2 + 2*t. Let g be r(3). Let k be g/(-4) + (-117)/(-4). Suppose w - k = -0*w. Calculate the remainder when w is divided by 11.
8
What is the remainder when 10/(-30) + (-170)/(-6) is divided by 10?
8
Let y(q) = q**3 + 6*q**2 + 3*q - 1. Let r be 1 + 1 + 0 + 2. Suppose -r*h = 6 + 6. What is the remainder when y(h) is divided by 6?
5
Let t(a) = 24*a**2. Let c = -6 + 6. Suppose -5*x + u + 1 = c, 2*x - u = 2*u - 10. Calculate the remainder when t(x) is divided by 13.
11
Suppose 15 = -4*t + 9*t. Suppose -u + t - 43 = -2*k, -5*k - 3*u = -100. Let p(y) = -11*y**3 - y**2 - 2*y - 1. What is the remainder when k is divided by p(-1)?
9
Suppose 4 = 2*r - 4. Suppose -15*l = -14*l - 1. What is the remainder when (l - -4)/(r - 3) is divided by 3?
2
Let z be ((-48)/9)/(2/(-9)). Let k = z - 6. Calculate the remainder when 35 is divided by k.
17
Let p = 87 + -2. Calculate the remainder when p is divided by 22.
19
Let j = -67 - -140. What is the remainder when j is divided by 20?
13
Suppose -6*v + v - 895 = 0. Let h = v - -261. Calculate the remainder when h is divided by 17.
14
Suppose i = 6*i - 45. Suppose m + 3*q - 41 = 0, -m + 4*q + 6 = -0*m. Calculate the remainder when m is divided by i.
8
Let l(v) = v - 17. Calculate the remainder when l(21) is divided by 1.
0
Suppose -3*g - 54 + 177 = 0. What is the remainder when g is divided by 22?
19
Let y(g) = -5*g - 22. What is the rem